(-4 - (-22 + 14)) + -6?
-2
What is 1 - 0 - (-11 + 3 + 7)?
2
What is the value of -1 + 4 - (-17 - -16)?
4
Evaluate -1 - 7 - ((3 - 17) + 2).
4
Calculate (3 - 0 - 9) + 21 + -15.
0
Evaluate -1 + -2 + -7 + 9 + 6.
5
Calculate -1 + -8 + 6 + -2 + -2.
-7
-4 + (-6 + 4 + 4 - 5)
-7
What is the value of -2 + -4 + (2 - -5)?
1
What is the value of -6 + 4 + 18 + -10?
6
What is the value of 4 + -1 - (-23 - -23)?
3
What is the value of -4 + -3 + -4 + 11?
0
3 + -3 + -2 + 3
1
Evaluate -3 - -7 - ((6 - 0) + 4).
-6
What is (1 - (13 + -8 + 1)) + -6?
-11
Calculate (-4 - -4) + -6 + 3.
-3
What is the value of -13 + 12 + -4 + 1?
-4
What is (-1 - -10) + -9 + (0 - -4)?
4
Calculate 5 - (-3 + -3 - -4).
7
Evaluate -4 + -10 + 10 - -8.
4
6 + -7 - ((-2 - -1) + 2)
-2
Calculate 10 + (11 - (-1 + 17)).
5
What is the value of 8 + (-3 - 1) + -2 + 3?
5
What is the value of 12 + (-2 + -1 - 1)?
8
Evaluate 1 + (-5 - (-3 + 0 - -2)).
-3
Calculate 2 - 0 - (-12 + (7 - -9)).
-2
What is the value of -1 - (-11 + 4 + 1)?
5
-4 + (-1 - -1) + (-1 - -2)
-3
Calculate -2 + (-3 - -7 - (7 - 2)).
-3
3 + (4 - (6 + -2))
3
What is the value of 4 + -8 + (5 - 3)?
-2
Calculate 8 + 3 + -6 - 6 - -6.
5
Calculate -3 + (2 - -1 - -2).
2
What is the value of 2 + (10 - 4) + -2 + -3?
3
What is -3 + (2 - -3) + -3?
-1
Evaluate -13 + (7 - 0) + 6.
0
What is 6 + (0 - 1) + 0?
5
Calculate (-1 - 1) + (4 - 3) - 1.
-2
What is the value of (3 - (-13 - -9)) + -1 + -15?
-9
What is the value of (1 - 8) + (-9 + 18 - 2)?
0
What is 2 + -1 - (-22 + 21)?
2
Evaluate 8 + (2 + 1 - 6).
5
What is the value of -1 + (-2 - -1) - 5 - -3?
-4
What is the value of 5 + -8 - (2 + -1)?
-4
Evaluate (3 - (7 + -3)) + 0.
-1
Calculate (-57 - -60) + (-1 - (-6 - 1)).
9
(-2 - 1) + 0 + -1 - -1
-3
Calculate -2 - (1 + -5) - -2.
4
Calculate 41 + -37 + (1 - 6) + -1.
-2
What is -4 - (-4 + 11 + -11)?
0
What is the value of -3 + -5 + 0 + 0 - -4?
-4
Evaluate 2 - (3 - 1 - 1).
1
Evaluate (-2 - -6 - (6 - 0)) + -2.
-4
3 + (1 - (-2 + 7))
-1
Calculate 3 + (-16 - -4) - -4.
-5
Calculate 2 + 4 + (-4 - 1).
1
-5 - (1 + -5) - (0 - -1)
-2
(-3 - -8) + -10 + 4
-1
(3 - -2) + 6 + -11
0
What is -1 - -1 - (64 - 67)?
3
Calculate -2 + 3 + -5 + -1.
-5
Calculate -4 - -6 - 9 - -2.
-5
What is 4 - (1 - (2 - 0))?
5
What is 9 - 6 - 6 - (0 + -3)?
0
Evaluate 6 + (6 - 1 - 9).
2
2 - (3 - (-3 - -9))
5
What is (-9 - -6 - -10) + -11?
-4
2 + (2 + -2 - (3 + -1))
0
Evaluate (3 - (-4 - -5 - 2)) + -3.
1
0 - -4 - 0 - 7
-3
Calculate 7 - (-1 + 2 - -4).
2
What is the value of -16 + 18 + (-2 - -1 - 1)?
0
What is 8 - ((3 - 0) + 1 + 1)?
3
What is (0 - 0) + 2 - (4 + -3)?
1
Evaluate (-3 - -11) + (-3 - 16).
-11
What is -2 + -5 - (-3 - 3) - 5?
-6
What is the value of -9 + (-4 + 0 + -1 - -10)?
-4
What is 6 - (7 - (-5 + 5))?
-1
What is the value of 0 + 16 - (1 + 1) - 6?
8
Calculate 5 - ((-5 - -1) + 8).
1
Evaluate (18 - (5 + 3)) + -5.
5
Calculate -6 + 5 - (1 - 3).
1
Calculate -5 - (-1 - 3 - (-20 + 18)).
-3
Calculate -3 - (3 + -7) - 0.
1
0 - -4 - (18 + 18 + -36)
4
What is 8 + 2 + (-15 - -9)?
4
What is (-35 - -21) + (0 - -6)?
-8
Evaluate -5 + (-1 - (-9 - -6)).
-3
Calculate -1 + 2 + -40 + 47.
8
What is 4 + -2 + (-5 - (-4 + 2))?
-1
What is the value of -6 + 9 + -5 + 1 + 0?
-1
24 + -37 + (5 - -1) + -1
-8
Evaluate 1 + 3 - (-4 + 3 + 5).
0
Calculate -4 - (4 + -5 + -7).
4
Calculate 15 + -9 + -14 + 9.
1
What is 0 + 6 + -2 + 0?
4
Calculate -3 + -1 - (5 + -9).
0
2 + 0 + (-6 - (-4 - -4))
-4
Calculate -2 + 1 - (-7 - (4 + -11)).
-1
Calculate 3 - (2 + (-6 - 2) + 1).
8
-33 + 31 + 0 + 0
-2
8 + 10 + -14 + -4
0
What is (0 - -3) + (-6 - -5) + -3?
-1
Calculate 5 + (1 - 4) + (2 - 4).
0
Calculate (-6 - -4) + (3 - (-5 + 10)).
-4
What is the value of -3 - ((6 - 5) + 4 + -7)?
-1
What is the value of -6 + 10 + (-3 - 4 - -4)?
1
Evaluate -2 + (0 + 2 - -1) + -4.
-3
0 - (5 - 10) - -1
6
Calculate 0 + 1 - (3 - (9 - 9)).
-2
Calculate 0 + (4 - 1) - -2.
5
Calculate (-11 - -1) + (50 - 46).
-6
12 + (-19 - (-6 - -8))
-9
What is the value of 14 - 16 - (1 - -2 - 1)?
-4
What is -3 - (1 + 4 + 0) - -3?
-5
What is the value of -1 - (-8 + 16 + -8)?
-1
-9 + (7 - -1 - 7)
-8
Evaluate 4 - ((-2 - -7) + -1).
0
Evaluate (1 - -3 - 9 - -1) + 5.
1
Evaluate (-4 - (-7 - -3)) + 3 + -2.
1
What is 1 + (-6 - -10) + (3 - 1)?
7
What is 8 + (7 - 4) - (8 - 3)?
6
(1 - (-1 - -2 - -3)) + -2
-5
Evaluate (-8 - -12 - 8) + 10.
6
What is the value of 2 - 3 - (-7 - -6) - -6?
6
Evaluate 5 + (6 + 0 - 17) + -1.
-7
Evaluate -4 + 4 - (2 + 0 + 1).
-3
What is (5 - 5) + -1 + -2 + -1?
-4
Calculate 5 + 2 + 1 + -5.
3
What is 2 - 1 - (6 + -2 + 2)?
-5
What is the value of (-3 + 1 - -9) + 1 + -2?
6
0 + 0 + 0 - 2
-2
What is the value of 4 - (1 + (-3 - -2))?
4
Calculate -6 - (1 - (3 + 0)).
-4
Evaluate (6 - 11) + 7 - 7.
-5
What is 9 + 3 + -33 + 26?
5
What is 7 - (-1 - -1) - (185 + -180)?
2
Calculate -3 + -5 - (-9 + 3).
-2
What is the value of 1 + -3 + -1 + 8?
5
What is the value of -6 - 0 - 0 - -12 - 5?
1
Evaluate -10 - 1 - (13 - 18) - -2.
-4
What is the value of (-7 + 14 - 17) + 7?
-3
Evaluate 6 + -3 + -4 + (0 - 1).
-2
What is -4 - (6 - 6) - (-1 - -1)?
-4
What is the value of 4 + 4 + -5 + -6?
-3
What is the value of 3 + 3 - (1 - (-5 + 3))?
3
-9 + (7 - 9) + 5
-6
Calculate -9 + 8 + -10 + 3.
-8
Calculate -49 + 56 - (0 - -10).
-3
What is the value of 2 - (-2 - -5 - -4)?
-5
What is the value of -1 + -11 + (9 - 3)?
-6
What is the value of (-5 - -4) + 0 - -5 - 1?
3
What is the value of (0 - 1) + (1 - -4)?
4
-5 + (2 + 7 - 7)
-3
-11 - -6 - (4 - 4 - 2)
-3
What is 8 + -9 + 2 - -3?
4
Evaluate -12 + 13 - (1 - -1).
-1
Evaluate 120 - 123 - ((1 - 6) + 1).
1
Evaluate (-7 - -10) + (3 - (-2 + 6)).
2
What is (1 - (6 - 2)) + (-1 - -4)?
0
1 + 9 + -12 - (7 - -1)
-10
Evaluate 12 + (-21 - -8 - -5).
4
What is the value of (-2 + 7 - 2) + 2?
5
Evaluate -4 + -6 + -7 + 11.
-6
Evaluate -5 - (1 + -3) - 0.
-3
What is -1 + -2 + 5 - (6 - -1)?
-5
6 - (10 + (-8 - (-5 - -3)))
2
Evaluate 8 + -9 + -6 + 6.
-1
(-4 - (-3 + -3)) + -7 + 12
7
What is the value of -11 - (-3 + (-6 - -5) + 1)?
-8
What is -15 + 18 + (2 - 10) + 11?
6
What is the value of 0 + 1 + -19 + 18?
0
What is the value of 20 - 21 - (0 + -1)?
0
Evaluate 7 - (4 + 2 + -4).
5
What is the value of (-5 + 6 - 1) + -3 + 2?
-1
Evaluate -6 + -5 + 3 + 3.
-5
Evaluate 7 + (-6 - (3 + -4)) - 4.
-2
4 - -1 - (-5 + 10)
0
6 + 1 + (19 + -18 - 10)
-2
9 + (-9 - -5) - 2
3
-15 + 21 + (-4 - -3 - 2)
3
What is the value of 18 + -28 + 1 + 13?
4
What is -3 + -5 - (-8 - -4) - 1?
-5
Evaluate (-2 - 9 - -4) + 6.
-1
Evaluate 2 - 4 - (-8 - -5).
1
Calculate -2 + 6 + (-3 + 2 - 4).
-1
Calculate (2 - 5) + (0 - -3).
0
Calculate 8 + -9 + 4 + 5.
8
Evaluate -1 - -1 - (1 - 4).
3
What is the value of -3 - 0 - (2 + (-12 - -4))?
3
Calculate -5 - (-15 - -17) - -7.
0
Evaluate -5 - (-5 - (8 - 5)).
3
What is -2 - (-1 + -1) - (43 + -41)?
-2
Evaluate 2 + (5 - (2 + 0)) + 0.
5
What is 2 + -7 + -3 - -5 - -2?
-1
What is the value of -5 - (12 + -7 + -12)?
2
Evaluate -2 - 2 - (-9 + 11).
-6
-5 + 5 + (0 - 1)
-1
What is 17 + -5 - (-5 + 28)?
-11
What is the value of 4 - (-2 + 4 - (0 + 0))?
2
What is the value of (7 - 4) + 5 - 5?
3
11 - (2 + (-3 - -16))
-4
Calculate 1 - (2 + -1) - (-2 - 0).
2
3 - 3 - (-3 - 2)
5
Evaluate (-5 + 0 - -2) + 1 + -1.
-3
2 + 0 + (-12 - -8) + 5
3
What is (-3 - (7 - 13)) + -7?
-4
What is 11 + (-3 - -10) + -9?
9
Evaluate 7 - (0 + 9 + -4) - 0.
2
What is the value of 5 - (0 - (6 + (-2 - 3)))?
6
Evaluate -3 + 2 + (-31 - -28).
-4
What is 10 + -9 + (-1 - -6) + -5?
1
What is the value of -5 + (-4 + (5 - -4) - 8)?
-8
Evaluate 2 - 3 - (6 - 7).
0
What is the value of (-2 - (-3 + (-3 - -16))) + 6?
-6
What is (-6 - 10) + 7 + 8?
-1
-1 + (2 - -7) - 8
0
0 + (3 - (0 - 1))
4
Calculate -1 + 4 - 2 - 7.
-6
-4 - (3 + 0) - (0 - 2)
-5
Evaluate (3 - -1 - -1) + 0.
5
Evaluate 0 + (5 - 3) + 0.
2
Evaluate -4 + -3 + -1 + 26 + -15.
3
Calculate (-15 - -10) + (15 - 10).
0
What is 3 - -8 - (1 - (-8 + 3))?
5
Calculate 1 - 10 - (68 - 78).
1
Calculate -7 + (6 - (8 - 5)).
-4
-2 + (-4 - -2) - -7
3
Evaluate (0 - 8) + 16 + -13 + 11.
6
What is -7 + (13 - 6 - 3)?
-3
What is (-6 + 0 + 4 - -1) + 5?
4
What is (-4 - -7) + -1 - (-3 + 4)?
1
21 + 1 - (-8 - -20)
10
What is the value of 5 + 15 + (-16 - -2)?
6
What is -2 + -3 - (-5 - -1) - -5?
4
Calculate 16 + 3 + -4 + -7.
8
What is the value of -6 + 4 - (0 + -1) - 0?
-1
Calculate -1 - 0 - (0 + -4 + 2).
1
Evaluate -5 - -9 - (